me factors of 1083276738.
2, 3, 60182041
List the prime factors of 255440154.
2, 3, 42573359
List the prime factors of 63006954.
2, 3, 43, 103, 2371
List the prime factors of 2236252974.
2, 3, 372708829
List the prime factors of 10342210.
2, 5, 1034221
What are the prime factors of 19540832?
2, 610651
List the prime factors of 294909839.
7, 179, 373, 631
List the prime factors of 2951331895.
5, 590266379
What are the prime factors of 503681051?
19, 26509529
List the prime factors of 59846560.
2, 5, 374041
List the prime factors of 771164569.
7, 2777, 39671
List the prime factors of 1240889868.
2, 3, 37, 103511
What are the prime factors of 296614311?
3, 7, 37, 229, 1667
What are the prime factors of 4729551597?
3, 41, 12817213
What are the prime factors of 150279787?
7, 431, 49811
List the prime factors of 55063072.
2, 1087, 1583
List the prime factors of 184336283.
23, 107, 74903
What are the prime factors of 65683318?
2, 29, 1132471
List the prime factors of 5897795497.
11, 727, 737501
List the prime factors of 81068493.
3, 11, 2456621
List the prime factors of 343143165.
3, 5, 83, 367, 751
What are the prime factors of 59335745?
5, 7, 23, 73709
List the prime factors of 29411006.
2, 199, 73897
What are the prime factors of 670381995?
3, 5, 17, 73, 36013
What are the prime factors of 1654154182?
2, 2243, 368737
List the prime factors of 291388300.
2, 5, 7, 59467
List the prime factors of 77722600.
2, 5, 229, 1697
List the prime factors of 2836986075.
3, 5, 7, 11, 149, 157
List the prime factors of 298338457.
17, 29, 35597
What are the prime factors of 714311069?
23, 31057003
List the prime factors of 360085712.
2, 7, 459293
List the prime factors of 57379356.
2, 3, 467, 3413
List the prime factors of 126300689.
126300689
List the prime factors of 25736596.
2, 317, 20297
What are the prime factors of 18276937?
7, 47, 73, 761
List the prime factors of 1552735280.
2, 5, 19409191
What are the prime factors of 357554895?
3, 5, 23, 1036391
What are the prime factors of 2962828?
2, 11, 17, 233
What are the prime factors of 2661841920?
2, 3, 5, 173297
List the prime factors of 215519433.
3, 73, 193, 5099
List the prime factors of 27142729.
881, 30809
What are the prime factors of 1698115384?
2, 7, 929, 4663
What are the prime factors of 2444433001?
2444433001
List the prime factors of 25111671.
3, 13, 643889
List the prime factors of 2217208.
2, 7, 17, 137
What are the prime factors of 435870948?
2, 3, 36322579
What are the prime factors of 57487596?
2, 3, 103, 46511
List the prime factors of 102649747.
102649747
What are the prime factors of 6538356?
2, 3, 11, 19, 79
List the prime factors of 4726758455.
5, 17, 55608923
List the prime factors of 531264662.
2, 19, 173, 211, 383
What are the prime factors of 248812165?
5, 7, 163, 43613
List the prime factors of 739594720.
2, 5, 101, 45767
List the prime factors of 38521117.
38521117
What are the prime factors of 502710427?
502710427
What are the prime factors of 45495617?
157, 181, 1601
List the prime factors of 449282495.
5, 89856499
List the prime factors of 113438958.
2, 3, 101, 187193
What are the prime factors of 2313021202?
2, 19, 109, 558431
What are the prime factors of 61355376?
2, 3, 227, 1877
What are the prime factors of 49506144?
2, 3, 149, 3461
List the prime factors of 22621839.
3, 59, 127807
List the prime factors of 64812569.
64812569
What are the prime factors of 277857407?
379, 733133
List the prime factors of 1834810622.
2, 1453, 631387
What are the prime factors of 1117497605?
5, 7, 293, 108971
List the prime factors of 27299684.
2, 557, 12253
List the prime factors of 581428461.
3, 2539, 76333
What are the prime factors of 1047056029?
1047056029
List the prime factors of 1347462473.
7, 59, 79, 41299
What are the prime factors of 35633512?
2, 19, 234431
What are the prime factors of 90594352?
2, 37, 199, 769
List the prime factors of 28559699.
7, 582851
List the prime factors of 1211920846.
2, 29, 20895187
What are the prime factors of 797646820?
2, 5, 53, 283, 2659
List the prime factors of 1093171829.
20183, 54163
List the prime factors of 1717824361.
11, 311, 502141
What are the prime factors of 4490362597?
7, 91640053
What are the prime factors of 5667577574?
2, 2833788787
What are the prime factors of 264454951?
211, 463, 2707
List the prime factors of 5557472.
2, 173671
What are the prime factors of 169760475?
3, 5, 47, 5351
List the prime factors of 1900586016.
2, 3, 7, 401, 2351
What are the prime factors of 1115856888?
2, 3, 101, 460337
List the prime factors of 5515429.
17, 324437
List the prime factors of 34443177.
3, 11481059
What are the prime factors of 40527991?
7, 307, 18859
List the prime factors of 589383085.
5, 761, 154897
List the prime factors of 422249720.
2, 5, 457, 23099
List the prime factors of 1068003842.
2, 47, 397, 28619
List the prime factors of 359411056.
2, 439, 51169
What are the prime factors of 1761916840?
2, 5, 23, 229, 8363
What are the prime factors of 7531692953?
23, 37, 8850403
List the prime factors of 364742644.
2, 7, 1811, 7193
What are the prime factors of 559338740?
2, 5, 27966937
What are the prime factors of 283231876?
2, 101, 241, 2909
List the prime factors of 522554508.
2, 3, 7, 1163, 1783
List the prime factors of 402297845.
5, 80459569
List the prime factors of 27373118.
2, 37, 67, 5521
List the prime factors of 78643292.
2, 7, 13, 17, 71, 179
What are the prime factors of 2466006013?
2466006013
What are the prime factors of 218144643?
3, 19, 109, 35111
List the prime factors of 275255638.
2, 7, 1289, 2179
List the prime factors of 1051757462.
2, 7, 17, 631307
List the prime factors of 409913098.
2, 7, 29279507
What are the prime factors of 291064574?
2, 3623, 40169
What are the prime factors of 860244882?
2, 3, 7, 2926003
What are the prime factors of 2289500611?
2289500611
List the prime factors of 3127861301.
19, 89, 1849711
What are the prime factors of 2558049935?
5, 7, 73087141
What are the prime factors of 442237?
442237
What are the prime factors of 2380153937?
7, 61, 5574131
What are the prime factors of 3141224738?
2, 1570612369
List the prime factors of 451235099.
7, 29, 797, 2789
List the prime factors of 85872651.
3, 28624217
What are the prime factors of 41777902?
2, 271, 77081
What are the prime factors of 909154434?
2, 3, 6397, 23687
List the prime factors of 4018505634.
2, 3, 11, 13, 31, 16787
List the prime factors of 1087791029.
13, 67, 797, 1567
List the prime factors of 4854983.
7, 693569
What are the prime factors of 1683647264?
2, 13, 1901, 2129
What are the prime factors of 182624376?
2, 3, 11, 691759
List the prime factors of 1557420027.
3, 519140009
List the prime factors of 354613983.
3, 118204661
List the prime factors of 374492846.
2, 7, 13, 83, 1907
List the prime factors of 948215194.
2, 7589, 62473
What are the prime factors of 1429086347?
13, 23, 4779553
What are the prime factors of 36260564?
2, 41, 221101
List the prime factors of 522045025.
5, 37, 564373
What are the prime factors of 1320173295?
3, 5, 7, 19, 661741
What are the prime factors of 556186367?
11, 50562397
What are the prime factors of 27500329?
27500329
List the prime factors of 946709905.
5, 189341981
What are the prime factors of 311869828?
2, 17, 29, 167, 947
What are the prime factors of 6355457012?
2, 3037, 523169
List the prime factors of 1396285624.
2, 174535703
What are the prime factors of 84377246?
2, 1523, 27701
What are the prime factors of 1948185384?
2, 3, 1607, 50513
What are the prime factors of 194575036?
2, 29, 199, 8429
List the prime factors of 99566779.
13, 71, 107873
List the prime factors of 239136172.
2, 11, 494083
List the prime factors of 377610038.
2, 13, 163, 89101
What are the prime factors of 3121158390?
2, 3, 5, 7, 2123237
What are the prime factors of 40391796?
2, 3, 17, 19, 613
What are the prime factors of 5756994877?
193, 29828989
What are the prime factors of 486019749?
3, 17, 659, 14461
List the prime factors of 48405345.
3, 5, 479, 6737
List the prime factors of 105913726.
2, 52956863
What are the prime factors of 336464504?
2, 2927, 14369
What are the prime factors of 1418232899?
109, 13011311
What are the prime factors of 286546184?
2, 35818273
What are the prime factors of 17664548?
2,